61 + -33858. Let a(h) = h**2 + 17*h - 59. Give a(q).
1
Let q(v) be the first derivative of 3/2*v**2 + 72 + 0*v - 2/3*v**3. Calculate q(3).
-9
Let l(x) = 8*x**3 - x**2 - x + 1. Let h(k) = k**2 + 14*k + 14. Suppose -12 = -7*u + 4*u. Suppose 4*n = u*b - 40, 5*n + 3*b + 61 = n. Let v be h(n). Give l(v).
7
Let j(u) = u**2 + 17*u + 67. Suppose -2*h + 2*s = 18, 32*s - 35*s = 5*h + 53. Give j(h).
-3
Let z(i) = i**2 + i - 4. Let l be 1 + 440/(-60) - (4 - 20/6). Determine z(l).
38
Let q(p) = -5*p - p**3 + 1 - 5*p**2 - 1. Let j be (22/2 - 2) + -13 + -39 + 39. What is q(j)?
4
Let w(s) be the first derivative of 47*s**2/2 - 292*s + 5969. Calculate w(6).
-10
Let s(g) = -343*g + 142*g - 31 + 205*g. Determine s(0).
-31
Let l = 17 + -24. Let d(a) be the second derivative of a**5/20 + 3*a**4/4 + 5*a**3/3 + a**2/2 - 11350*a. Give d(l).
29
Suppose 0 = 3*d - 15, 5*d = 13*b - 10*b + 22. Let y be 2/b - (4 - 1). Let p(h) be the first derivative of -7*h**2 - h - 2. Determine p(y).
13
Suppose -k + 3*t + 5 = 0, -3 + 1 = 2*t. Suppose 4*g + 6 = 5*p, -8 = -8*g + 4*g - k*p. Let b(f) = -4*f**3 + f**2 - 1. What is b(g)?
-4
Let x(t) = 5*t**2 + 27*t + 16. Let p be x(-3). Let n(y) = -y**2 - 20*y - 25. What is n(p)?
-25
Let s(w) = 4*w**2 + 23*w - 115. Suppose -2*n - 86 = 14*n + 58. Calculate s(n).
2
Let y(h) be the second derivative of -h**4/12 - 2*h**3/3 - h**2 - 24128*h. Suppose 56 = -4*a - 0*a. Let g be (-32)/14 - 4/a. Give y(g).
2
Let u(n) = n**2 - 23*n + 119. Let t be ((-268)/22 - (161 + -173))*-55. Give u(t).
-11
Let y(k) = 14*k + 3. Let m(c) = 4*c**2 + 48*c + 76. Let d be m(-10). What is y(d)?
-53
Let w(g) = -g**3 - 2*g**2 - 2*g + 5. Let s be w(0). Suppose 34 + 1 = s*z. Let u(a) be the first derivative of a**3/3 - 5*a**2 + 10*a - 2. Give u(z).
-11
Let i(r) = r**3 + 7*r**2 + 8*r + 10. Let n = -4410 + 4406. Calculate i(n).
26
Let u be 6/(-4)*(-2 + 0). Let q(j) = 0*j**2 + 0*j**2 - u + j**3 + 3*j. Let a = 6165 + -6163. Calculate q(a).
11
Let c(n) = 108*n - 141. Let j(v) = 25*v - 33. Let x(z) = 3*c(z) - 13*j(z). Let b = -5 + 9. What is x(b)?
2
Let k(z) = -z**3 + 3*z**2 + z. Let v be k(4). Let y be v/9*(-18)/12. Let x(o) be the second derivative of o**3/2 - o**2/2 + 10*o. What is x(y)?
5
Suppose 0 = -3*n + 5*w + 106, 5*n + 2*w = -104 + 322. Let i be (-19 + 24)*n/(-15). Let c(s) = 2*s**2 + 28*s. Determine c(i).
0
Let s(y) = y - 9. Let q be s(11). Suppose -q*w - 10 + 4 = 0. Let p be w + 5/(-5) + 0. Let i(d) = -d**3 - 4*d**2 - 4. What is i(p)?
-4
Let h(n) = 17688 - 9*n - 17720 + n**2 - 4*n. Determine h(15).
-2
Suppose 12 = m - t, -m - 3*t = -6*m + 54. Let r be (0 + -1)*m/27*-6. Let p(j) = -2 + j - 1 + 5. Calculate p(r).
4
Let g(n) = -7*n + 1. Let z(p) = -2*p**2 - 21*p - 6. Let h be z(-10). Suppose -7 = 4*j + 3*u, 1 = 5*j - 2*j - h*u. Calculate g(j).
8
Suppose -267*p + 278*p = 4 + 7. Let b(m) = -41*m**3 - m**2 + 4*m - 3. Calculate b(p).
-41
Let s(i) = -2*i - 4. Suppose -17*k = 67 - 33. Let a be ((-138)/184)/(0 - k/(-8)). Determine s(a).
-10
Let h be (-6 - -3)*(-6)/6. Let i(r) = 2*r**2 - 13*r**2 + 3*r**2 + r + 5*r**2 + 7*r**2 - r**3. Calculate i(h).
12
Let g(x) = x**3 - 6*x**2 + 5*x + 1. Let h be g(5). Let p(m) = h + m + m + 0*m. Suppose -3*n = 15, 9*n - 8*n = 3*c - 11. Give p(c).
5
Let b(o) = -o**3 + 7*o**2 - 7. Suppose -q + 34 = -2*f - 0, f - 3*q + 7 = 0. Let c(v) = -3*v - 50. Let m be c(f). Calculate b(m).
-7
Let g = -744 - -774. Let r be 6/30*-21 + 6/g. Let u(l) = -8*l - 7. What is u(r)?
25
Let k(n) = -53*n - 6. Let v(h) = -5*h - 74. Let j be v(-16). Let g(z) = 25*z + 3. Let d(y) = j*k(y) + 13*g(y). Give d(3).
24
Suppose j + 2*x = 7, -430*j - 3*x = -433*j + 3. Let l(m) = -m**3 + 3*m**2 + m + 6. Calculate l(j).
9
Suppose 2*f + 61 = 7. Let l be (3/(f/6))/(6/9). Let a be (4/1 - -2) + l. Let n(k) = k**3 - 3*k**2 - 8*k + 4. Calculate n(a).
14
Let x(j) = -15*j - 141. Let t(p) = -11*p - 105. Let m(b) = 11*t(b) - 8*x(b). Calculate m(-10).
-17
Let f(i) be the first derivative of i**5/20 - 5*i**4/6 + 4*i**3/3 + 2*i**2 - 109*i - 55. Let n(z) be the first derivative of f(z). What is n(9)?
-5
Let i(m) = m**3 - 2*m**2 + 4. Let a = -3464 + 3468. Calculate i(a).
36
Suppose -20 = 4*g - 8*g - r, 2*g = -3*r. Let j(p) = -4 + 6 + 5*p**2 + 4*p - 2*p - g*p. Determine j(2).
14
Let b(s) = -2*s**2 + 6*s + 7. Let q be (4 + 117/(-36))*(1 - -3). Suppose 5*t - 5*a + 3*a - 15 = 0, 2*t = -q*a + 25. Calculate b(t).
-13
Suppose -4*j = -49 - 11. Suppose 5*u - 5*s + j = 0, -u - 5*s + 8 = u. Let y(p) = -2*p + 2*p + 1 + 7*p. Calculate y(u).
-6
Let o(z) = z - 1. Let h(c) = -c**2 + 4*c + 1. Let q(k) = -k**2 - k - 28. Let y be q(6). Let a = y + 69. Let p(u) = a*h(u) + 2*o(u). Give p(4).
5
Suppose -47 = -5*k - 2*u, -5*k - 26*u + 23*u = -48. Let i(x) = x**2 - 6*x - 12. Calculate i(k).
15
Let w(m) = -41*m + 217. Let n be w(5). Let q(a) = a**3 - 11*a**2 - 11*a - 12. Calculate q(n).
0
Let k(n) be the third derivative of n**9/60480 + n**8/2520 - n**6/72 - 51*n**5/20 + n**3/3 + 123*n**2. Let c(s) be the third derivative of k(s). Give c(-8).
-10
Suppose -4*p + 30 = p. Suppose -8*r + 8 = -p*r. Suppose q + 6 = r*z, -3*z - 2 = q - 10. Let v(s) = -4*s**2 + 2. Give v(q).
-14
Let j be (1 + -1)/(2*-1). Let c(w) be the first derivative of 277 + 6*w + 1/2*w**2. What is c(j)?
6
Let k(y) = y**3 - 8*y**2 + 20*y - 31. Let i = -9677 - -9683. Give k(i).
17
Let u(q) = -5*q**2 + 7*q - 9. Let l be u(1). Let i(j) = j. Give i(l).
-7
Let f(p) = p**2 + 4*p + 24. Suppose 11*u + 4593 - 4527 = 0. What is f(u)?
36
Let u(g) = -483*g**2 + 820*g**2 - 29*g - 360*g**2 - g**3 - 46. Calculate u(-22).
108
Let u(r) = -103*r + 1065. Let p be u(10). Let m(q) = -q**2 + 37*q - 70. What is m(p)?
0
Let c(f) = -3*f - 2. Let p = 621 + -363. Suppose -p = -9*z - 285. What is c(z)?
7
Let n(y) = 23 + 18 + 2*y + 8 + 0. Give n(-21).
7
Let m(i) = i + 20. Let x be m(-18). Suppose f = 3*a - 4*a + 9, 0 = -x*f - 4*a + 14. Suppose -f + 4 = -7*l. Let s(r) = -7*r**3 - r**2 + r. What is s(l)?
-7
Let j(d) = d**3 - 5*d**2 + 2*d - 6. Let u be j(5). Let a(o) be the first derivative of 3*o**2 - 6*o + 588. Calculate a(u).
18
Let c(r) be the second derivative of -r**5/20 - 5*r**4/12 - r**3/6 + 9*r**2/2 - 1472*r. Calculate c(-4).
-3
Let m(q) be the second derivative of 13*q**3/6 - q**2/2 - 2*q - 18. What is m(-2)?
-27
Suppose 4*x = -4*a + 40, 2*a - 10 - 16 = -3*x. Suppose 7*b - 43 - x = 0. Let v(q) = -q**3 + 7*q**2 - q - 1. What is v(b)?
-8
Let i(k) = -4*k**2 - 2*k + 6. Let d(g) = 1 - g**2 + 5 - 1 - 2*g**2 - g. Let j(v) = 3*d(v) - 2*i(v). What is j(3)?
-3
Let x(c) be the second derivative of c**4/8 + 2*c**3/3 - 87*c**2 + 286*c. Let p(k) be the first derivative of x(k). Determine p(-9).
-23
Let d(h) be the first derivative of -h**2 + 2*h + 1. Suppose 18*i - 24 = 30. Suppose -i*r - 3*j = -33, 0*j - 2*j = 4*r - 34. What is d(r)?
-10
Let u(b) be the second derivative of -b + 11/24*b**4 - 12*b**2 + 0*b**3 + 0. Let i(z) be the first derivative of u(z). Give i(-1).
-11
Let v be 6/(-14) + (4278/(-161) - (-2 - -4)). Let b(h) = -6*h - 179. Give b(v).
-5
Let y(k) = -k**2 - 2*k - 1. Let p(i) be the first derivative of -i**2/2 + 35*i + 18. Let r(q) = 9. Let d(c) = 2*p(c) - 9*r(c). Let l be d(-4). Determine y(l).
-4
Let n(u) = -352*u**3 + 15*u**2 + 48 + 353*u**3 + 17*u - 15. Calculate n(-14).
-9
Let c(k) = -11*k**2 - 6*k + 5. Suppose -5*i - 1 = 4*y, 10*i = 6*i - 4. What is c(y)?
-12
Let r(i) be the third derivative of 53*i**4/24 + 163*i**3/3 - 3190*i**2. Give r(-6).
8
Let d be (6 + -3 + 10/(-4))/((-12)/(-72)). Let v(h) = h**2 + 3*h + 2. Let f be v(-4). Suppose f*k = 4*k + 5*z + 14, d*z - 18 = -k. Let g(j) = j - 17. Give g(k).
-5
Let d(l) be the third derivative of -l**6/60 - l**5/20 - l**4/12 - l**3/6 - 141*l**2. Let o(w) = w**2 + 2*w - 5. Let a be o(-3). Calculate d(a).
7
Suppose 0 = 2*i - 4*i - 4. Let u be 352/(-416) + i/13. Let m(l) = -30*l**2 - 1. Determine m(u).
-31
Suppose -25*h - 125 = -50*h. Suppose 89 = -h*r + 54. Let o(v) = -v**3 - 9*v**2 - 8*v + 6. Calculate o(r).
-36
Suppose 0*l + 2*l + 3*q = 7, -5*l - 5*q = -25. Let b(w) = w**2 - 10*w - 2. Let m be b(l). Let z = m - -13. Let s(k) = -k**2 - 6*k - 4. Give s(z).
1
Let z(i) be the first derivative of 1/4*i**4 - 9 - 2*i + 1/2*i**2 - 4/3*i**3. Let b(g) = 8*g + 28. Let h be b(-3). Calculate z(h).
2
Let g(s) = -s - 9. Let h(w) be the first deriva